{"id":26,"date":"2020-03-24T15:31:47","date_gmt":"2020-03-24T14:31:47","guid":{"rendered":"http:\/\/2020.monika-leoni.fr\/?page_id=26"},"modified":"2020-04-02T09:42:46","modified_gmt":"2020-04-02T07:42:46","slug":"qui-suis-je","status":"publish","type":"page","link":"https:\/\/www.monika-leoni.fr\/index.php\/qui-suis-je\/","title":{"rendered":"Qui suis-je ?"},"content":{"rendered":"<p>[et_pb_section fb_built=\u00a0\u00bb1&Prime; _builder_version=\u00a0\u00bb4.4.1&Prime; background_color=\u00a0\u00bb#e6e6e6&Prime; custom_padding=\u00a0\u00bb5px|||||\u00a0\u00bb bottom_divider_style=\u00a0\u00bbslant2&Prime; bottom_divider_color=\u00a0\u00bb#cecece\u00a0\u00bb][et_pb_row column_structure=\u00a0\u00bb1_5,1_5,3_5&Prime; _builder_version=\u00a0\u00bb4.4.1&Prime; width=\u00a0\u00bb100%\u00a0\u00bb max_width=\u00a0\u00bb2560px\u00a0\u00bb custom_padding=\u00a0\u00bb3px||44px|||\u00a0\u00bb][et_pb_column type=\u00a0\u00bb1_5&Prime; _builder_version=\u00a0\u00bb4.4.1&Prime;][et_pb_image src=\u00a0\u00bbhttp:\/\/www.monika-leoni.fr\/wp-content\/uploads\/2020\/03\/Logo-Monika-1.jpg\u00a0\u00bb align=\u00a0\u00bbright\u00a0\u00bb _builder_version=\u00a0\u00bb4.4.2&Prime; height=\u00a0\u00bb132px\u00a0\u00bb custom_padding=\u00a0\u00bb|0px||||\u00a0\u00bb hover_enabled=\u00a0\u00bb0&Prime; disabled_on=\u00a0\u00bbon|off|off\u00a0\u00bb][\/et_pb_image][\/et_pb_column][et_pb_column type=\u00a0\u00bb1_5&Prime; _builder_version=\u00a0\u00bb4.4.1&Prime;][et_pb_text _builder_version=\u00a0\u00bb4.4.2&Prime; text_font_size=\u00a0\u00bb28px\u00a0\u00bb custom_margin=\u00a0\u00bb33px||1px|-87px|false|false\u00a0\u00bb custom_padding=\u00a0\u00bb||3px|||\u00a0\u00bb hover_enabled=\u00a0\u00bb0&Prime; disabled_on=\u00a0\u00bbon|off|off\u00a0\u00bb]<\/p>\n<p>Monika L\u00e9oni<\/p>\n<p>[\/et_pb_text][et_pb_text _builder_version=\u00a0\u00bb4.4.2&Prime; custom_margin=\u00a0\u00bb-7px||39px|-86px||\u00a0\u00bb custom_padding=\u00a0\u00bb3px||7px|||\u00a0\u00bb hover_enabled=\u00a0\u00bb0&Prime; disabled_on=\u00a0\u00bbon|off|off\u00a0\u00bb]<\/p>\n<p>Arstiste peintre g\u00e9n\u00e9alogiste<\/p>\n<p>[\/et_pb_text][\/et_pb_column][et_pb_column type=\u00a0\u00bb3_5&Prime; _builder_version=\u00a0\u00bb4.4.1&Prime;][et_pb_text _builder_version=\u00a0\u00bb4.4.1&Prime; text_font=\u00a0\u00bbBad Script||||||||\u00a0\u00bb text_text_color=\u00a0\u00bb#ffffff\u00a0\u00bb text_font_size=\u00a0\u00bb80px\u00a0\u00bb custom_margin=\u00a0\u00bb64px|||||\u00a0\u00bb text_text_shadow_style=\u00a0\u00bbpreset1&Prime; text_text_shadow_color=\u00a0\u00bbrgba(160,72,113,0.47)\u00a0\u00bb]<\/p>\n<p style=\"text-align: center;\">Qui suis-je ?<\/p>\n<p>[\/et_pb_text][\/et_pb_column][\/et_pb_row][\/et_pb_section][et_pb_section fb_built=\u00a0\u00bb1&Prime; specialty=\u00a0\u00bbon\u00a0\u00bb _builder_version=\u00a0\u00bb4.4.1&Prime; use_background_color_gradient=\u00a0\u00bbon\u00a0\u00bb background_color_gradient_start=\u00a0\u00bb#cecece\u00a0\u00bb background_color_gradient_end=\u00a0\u00bb#ffffff\u00a0\u00bb custom_padding=\u00a0\u00bb7px|||||\u00a0\u00bb][et_pb_column type=\u00a0\u00bb3_4&Prime; specialty_columns=\u00a0\u00bb3&Prime; _builder_version=\u00a0\u00bb3.25&Prime; custom_padding=\u00a0\u00bb|||\u00a0\u00bb custom_padding__hover=\u00a0\u00bb|||\u00a0\u00bb][et_pb_row_inner _builder_version=\u00a0\u00bb4.4.1&Prime;][et_pb_column_inner saved_specialty_column_type=\u00a0\u00bb3_4&Prime; _builder_version=\u00a0\u00bb4.4.1&Prime;][et_pb_image src=\u00a0\u00bbhttp:\/\/www.monika-leoni.fr\/wp-content\/uploads\/2020\/03\/1000-lacs.png\u00a0\u00bb force_fullwidth=\u00a0\u00bbon\u00a0\u00bb _builder_version=\u00a0\u00bb4.4.1&Prime; border_radii=\u00a0\u00bbon|10px|10px|10px|10px\u00a0\u00bb][\/et_pb_image][\/et_pb_column_inner][\/et_pb_row_inner][et_pb_row_inner column_structure=\u00a0\u00bb1_2,1_2&Prime; _builder_version=\u00a0\u00bb4.4.1&Prime; custom_padding=\u00a0\u00bb6px|||||\u00a0\u00bb][et_pb_column_inner type=\u00a0\u00bb1_2&Prime; saved_specialty_column_type=\u00a0\u00bb3_4&Prime; _builder_version=\u00a0\u00bb4.4.1&Prime;][et_pb_image src=\u00a0\u00bbhttp:\/\/www.monika-leoni.fr\/wp-content\/uploads\/2020\/03\/FR.png\u00a0\u00bb align=\u00a0\u00bbcenter\u00a0\u00bb _builder_version=\u00a0\u00bb4.4.1&Prime; width=\u00a0\u00bb5%\u00a0\u00bb max_width=\u00a0\u00bb100%\u00a0\u00bb][\/et_pb_image][et_pb_text _builder_version=\u00a0\u00bb4.4.1&Prime;]<\/p>\n<p style=\"text-align: justify;\"><strong>Je suis n\u00e9e en 1978 \u00e0 Suwalki en Pologne dans la r\u00e9gion des \u00ab\u00a0mille lacs\u00a0\u00bb.<\/strong><\/p>\n<p style=\"text-align: justify;\">Depuis ma plus tendre enfance, je suis passionn\u00e9e par la cre\u0301ation artistique. Je re\u0302vais de choses fantastiques et je cherchais un terrain fertile pour une artiste dans un monde de merveilles.<br \/> Amoureuse de voyages et d\u2019histoire familiale, j\u2019ai trouve\u0301 ma voie qui est devenue par la suite mon m\u00e9tier : la peinture ge\u0301ne\u0301alogique. Cet art rassemble ainsi toutes mes passions.<br \/> Dans chacune de mes oeuvres, je m\u2019efforce de mettre tout mon talent et un peu de mon a\u0302me.<\/p>\n<p style=\"text-align: justify;\">Mon travail est re\u0301alise\u0301 a\u0300 la main du de\u0301but jusqu\u2019a\u0300 la fin. Ma technique est la peinture a\u0300 l\u2019huile sur toile de lin.<\/p>\n<p><em><strong>Je souhaite d\u00e9sormais vous faire profiter de mes qualit\u00e9s artistiques<\/strong><\/em><\/p>\n<p>[\/et_pb_text][\/et_pb_column_inner][et_pb_column_inner type=\u00a0\u00bb1_2&Prime; saved_specialty_column_type=\u00a0\u00bb3_4&Prime; _builder_version=\u00a0\u00bb4.4.1&Prime;][et_pb_image src=\u00a0\u00bbhttp:\/\/www.monika-leoni.fr\/wp-content\/uploads\/2020\/03\/EN.png\u00a0\u00bb align=\u00a0\u00bbcenter\u00a0\u00bb _builder_version=\u00a0\u00bb4.4.1&Prime; width=\u00a0\u00bb5%\u00a0\u00bb max_width=\u00a0\u00bb100%\u00a0\u00bb][\/et_pb_image][et_pb_text _builder_version=\u00a0\u00bb4.4.1&Prime;]<\/p>\n<p style=\"text-align: justify;\"><strong>I was born in 1978 in Suwalki, Poland in the \u00ab\u00a0thousand lakes\u00a0\u00bb region.<\/strong><\/p>\n<p style=\"text-align: justify;\">Since my childhood, I have been passionate about artistic creation. I dreamed of fantastic things and I was looking for fertile ground for an artist in a world of wonders.<br \/> In love with travel and family history, I found my way that later became my profession: genealogical painting. This art brings together all my passions.<br \/> In each of my works, I strive to put all my talent and a little of my soul.<\/p>\n<p style=\"text-align: justify;\">My work is done by hand from start to finish. My technique is oil painting on linen canvas.<\/p>\n<p style=\"text-align: justify;\"><em><strong>I now want you to benefit from my artistic qualities<\/strong><\/em><\/p>\n<p>[\/et_pb_text][\/et_pb_column_inner][\/et_pb_row_inner][\/et_pb_column][et_pb_column type=\u00a0\u00bb1_4&Prime; _builder_version=\u00a0\u00bb3.25&Prime; custom_padding=\u00a0\u00bb|||\u00a0\u00bb custom_padding__hover=\u00a0\u00bb|||\u00a0\u00bb][et_pb_image src=\u00a0\u00bbhttp:\/\/www.monika-leoni.fr\/wp-content\/uploads\/2020\/03\/Monika.png\u00a0\u00bb _builder_version=\u00a0\u00bb4.4.1&Prime; border_radii=\u00a0\u00bbon|8px|8px|8px|8px\u00a0\u00bb box_shadow_style=\u00a0\u00bbpreset3&Prime;][\/et_pb_image][\/et_pb_column][\/et_pb_section]<\/p>\n","protected":false},"excerpt":{"rendered":"<p>Monika L\u00e9oniArstiste peintre g\u00e9n\u00e9alogisteQui suis-je ?Je suis n\u00e9e en 1978 \u00e0 Suwalki en Pologne dans la r\u00e9gion des \u00ab\u00a0mille lacs\u00a0\u00bb. Depuis ma plus tendre enfance, je suis passionn\u00e9e par la cre\u0301ation artistique. Je re\u0302vais de choses fantastiques et je cherchais un terrain fertile pour une artiste dans un monde de merveilles. Amoureuse de voyages et [&hellip;]<\/p>\n","protected":false},"author":1,"featured_media":0,"parent":0,"menu_order":0,"comment_status":"closed","ping_status":"closed","template":"","meta":{"_et_pb_use_builder":"on","_et_pb_old_content":"<!-- wp:divi\/placeholder \/-->","_et_gb_content_width":"","footnotes":""},"_links":{"self":[{"href":"https:\/\/www.monika-leoni.fr\/index.php\/wp-json\/wp\/v2\/pages\/26"}],"collection":[{"href":"https:\/\/www.monika-leoni.fr\/index.php\/wp-json\/wp\/v2\/pages"}],"about":[{"href":"https:\/\/www.monika-leoni.fr\/index.php\/wp-json\/wp\/v2\/types\/page"}],"author":[{"embeddable":true,"href":"https:\/\/www.monika-leoni.fr\/index.php\/wp-json\/wp\/v2\/users\/1"}],"replies":[{"embeddable":true,"href":"https:\/\/www.monika-leoni.fr\/index.php\/wp-json\/wp\/v2\/comments?post=26"}],"version-history":[{"count":10,"href":"https:\/\/www.monika-leoni.fr\/index.php\/wp-json\/wp\/v2\/pages\/26\/revisions"}],"predecessor-version":[{"id":346,"href":"https:\/\/www.monika-leoni.fr\/index.php\/wp-json\/wp\/v2\/pages\/26\/revisions\/346"}],"wp:attachment":[{"href":"https:\/\/www.monika-leoni.fr\/index.php\/wp-json\/wp\/v2\/media?parent=26"}],"curies":[{"name":"wp","href":"https:\/\/api.w.org\/{rel}","templated":true}]}}